/21 - 24/42)/(-2)?
6
Suppose -h = 3*b - 214, 3*h - 68*b - 594 = -65*b. Calculate the remainder when h is divided by 58.
28
Suppose -441*j + 13744 + 54555 = -85610. What is the remainder when 447 is divided by j?
98
Suppose -2 = -c - 3*b, -5*c + 1042*b = 1038*b - 124. Calculate the remainder when 4511 is divided by c.
11
Let s = 69 + -33. Let v = 38 - s. Suppose r + 0*r = -3*n + 25, v*r = -3*n + 29. Calculate the remainder when 34 is divided by n.
6
Let p(f) = f**2 - f + 1. Suppose 10*u = 51 + 19. Suppose -1 + 22 = u*c. What is the remainder when 19 is divided by p(c)?
5
Let u = -1318 + 1335. Calculate the remainder when 165 is divided by u.
12
What is the remainder when 880 is divided by -141*5/60*-20?
175
Suppose -1387 = -4*u + 5*l, -12 = 18*l - 14*l. Let y = -326 + u. Calculate the remainder when 25 is divided by y.
8
Let n(s) = -102*s + 2. Suppose 26*r - 4657 = -4241. What is the remainder when n(-2) is divided by r?
14
Let v(g) = -g**2 - 14*g + 204. Let c be 3/2*792/(-54). Calculate the remainder when v(c) is divided by 5.
3
Suppose 39 - 3 = -2*h. Let s = h + 44. Calculate the remainder when -10 + 11 - 2/((-2)/99) is divided by s.
22
Let r(j) = -j. Let n be r(-2). Let v(m) = 20*m**n + 7*m - 3*m - 2 - 2*m + 64*m**2. What is the remainder when v(1) is divided by 17?
16
Suppose 0 = 161*p - 125*p - 324. What is the remainder when 69 is divided by p?
6
Let u(w) = 2*w**2 - 8*w + 2. Let h be u(5). Calculate the remainder when (((-70)/4)/(-7))/(h/264) is divided by 24.
7
Let p = 7 + -3. Let z be 483/(13 - 14)*2/(-6). Suppose -z = -5*y - 2*q + 25, -162 = -p*y + 5*q. Calculate the remainder when y is divided by 8.
6
Let f = 12375 + -11368. What is the remainder when f is divided by 257?
236
Suppose -6 = 32*s - 35*s. Let c be 30*5 + (4/s)/(-1). Suppose 0*w = 4*k + w - c, 4*k = -2*w + 148. What is the remainder when 72 is divided by k?
35
Let a(k) = 2*k**3 - 7*k**2 - k - 18. Let n(j) = -13*j - 72. Let t be n(-6). What is the remainder when a(t) is divided by 20?
16
Let f = 6602 + -3681. Calculate the remainder when f is divided by 17.
14
Suppose 0 = -5*r + 5*u + 30, -1605*r + 1603*r + 12 = -5*u. What is the remainder when 21 - (-3 + 2)*2 is divided by r?
5
Suppose 5*o - 62 = -2*h, -4*o + 138 = 14*h - 48. What is the remainder when 12351 is divided by h?
9
Let i = -58 + 60. Suppose f - 4*f = 5*b + 397, 3*b + 266 = -i*f. Let x = 212 + f. What is the remainder when x is divided by 37?
36
Let i = -200 - -812. Suppose 3*j = -573 + i. What is the remainder when j is divided by 5?
3
Suppose 3*t = 8*t + 2*c - 42, -5 = -5*c. Suppose 0 = -180*b + 179*b + 5. Suppose -5*s - j + 10 = 0, 10 = -3*j - b. What is the remainder when t is divided by s?
2
What is the remainder when -176*(12 + -2)*(-3 + 30/12) is divided by 6?
4
Let c = 96 - -190. Suppose -3*t + 2*p = -200, -4*t - 2*p + 4 = -c. Suppose -3*d - 48 = -7*d. What is the remainder when t is divided by d?
10
Calculate the remainder when 267 is divided by (-14182)/(-84) + (-31)/(-186).
98
Let u(i) = i**3 - 3*i**2 - 8*i - 12. Let o be u(5). What is the remainder when 24 is divided by 5 + -9*o*(-5)/(-10)?
10
Let y(u) = 34*u - 4. Let m be y(6). Suppose -2*g + 2*z + 22 = 0, 15 = 2*g + z + 2. Suppose -m = -g*s - 2*s. Calculate the remainder when 57 is divided by s.
17
Let d be 78/4*2/3. Let m(k) = 4*k**3 + 21*k - 39. Calculate the remainder when m(2) is divided by d + -1 - (3 + 0).
8
Let x = -4 - 40. Let a = x + 423. Suppose -a = -4*j + 97. Calculate the remainder when j is divided by 31.
26
Let o(s) = -95*s**3 - 9*s**2 + 155*s + 692. What is the remainder when o(-4) is divided by 2?
0
Suppose 18 = 3*v, 2*u - 3*u = 4*v - 1036. Calculate the remainder when u is divided by 127.
123
Let g(c) = c**2 + 6*c + 7. Suppose 3*i - 1057*n + 1055*n = 146, -5*i + n = -227. Calculate the remainder when i is divided by g(-8).
21
Let z(y) = 2*y - 3*y - 3*y. Let x = 12519 + -12426. Calculate the remainder when x is divided by z(-3).
9
Suppose 19*x = 6142 - 4242. Calculate the remainder when 161 is divided by x.
61
What is the remainder when (277/11)/((-14)/(-154)) is divided by 35?
32
Suppose -280 = -5*f - 2*i, i - 57 - 56 = -2*f. Let g(c) = 2*c + 8. Let m be g(6). Let l = f - m. What is the remainder when l is divided by 12?
10
Let n(h) = 42*h - 3. Let v(p) = 2*p**3 + 254*p**2 + p + 145. What is the remainder when n(3) is divided by v(-127)?
15
Suppose -5*p + 526 = 6. Suppose -2*v + 25 = 115. Let o = v + p. What is the remainder when o is divided by 22?
15
Let h = 378 + -320. What is the remainder when (h/(-10))/((-7)/175) is divided by 30?
25
Suppose -n + 95 - 22 = 0. Let y = 121 - n. Suppose 3*z - 16 = 23. Calculate the remainder when y is divided by z.
9
Suppose -4*d = w - 33, -19 = 3*d + w - 45. Suppose 544*y + 2*s = 540*y + 14, -5*s + 8 = 7*y. Calculate the remainder when y is divided by d.
2
Suppose -4*y + 3*j = -187, -5*y + 3*j = 7 - 240. Suppose -d - 251 + 1715 = 4*p, -p + 2*d + 375 = 0. What is the remainder when p is divided by y?
45
Suppose 12*n + 9*n - 65534 + 2660 = 0. Calculate the remainder when n is divided by 81.
78
Let d(n) = -n**2 - 42*n - 324. What is the remainder when 158 is divided by d(-15)?
77
Suppose -j - 3*y + 4 = 0, 0 = 5*y + 4 - 19. Let q(c) = c**3 + 6*c**2 + 5*c - 7. Let p be q(j). What is the remainder when (-109)/p + 12/28 is divided by 11?
5
Let u = -62 + 153. Calculate the remainder when u is divided by 43 - -3 - 3/6*-4.
43
Let q = 2339 + -2321. What is the remainder when 450 is divided by q?
0
Suppose -375*k + 20357 = -5518. Let z = 19 - 12. What is the remainder when k is divided by z?
6
Let h = -295 - -537. Let y = 286 - h. Calculate the remainder when 130 is divided by y.
42
Let f(i) = i**2 - 3*i + 6. Let g(r) = 7551*r - 45289. What is the remainder when g(6) is divided by f(4)?
7
Suppose -m + 32 = 4*c, 3*c + 3*m = 2*c - 3. Suppose c*f = 4*d + 4*f - 284, -5*d + 2*f + 372 = 0. Let i = 50 + -24. What is the remainder when d is divided by i?
24
Suppose -22*r = 96*r - 1534. Calculate the remainder when 870 is divided by r.
12
What is the remainder when 211 is divided by 33 + 13 + (6 - 6 - 4)?
1
Let c(f) = f**2 - 11*f + 23. Let k be c(8). Let n be (k/(-3))/(5/15). Let o(b) = 23*b**2 + b - 1. Calculate the remainder when o(n) is divided by 10.
3
Suppose 78*z - 33*z - 13455 = 0. What is the remainder when z is divided by 8?
3
Let h = 74 + -40. Suppose 20 = 6*i - h. What is the remainder when 64 is divided by (78/i)/(8/12)?
12
Let v = 4131 + -4086. Calculate the remainder when v is divided by 11.
1
Let u(d) = d**3 + d**2 + 184*d + 580. Let q = 248 + -112. What is the remainder when q is divided by u(-3)?
6
Let m = 275 - 271. Suppose m*z = 0, 0*s = 5*s + 2*z - 565. Calculate the remainder when s is divided by 43.
27
Let n(a) = -2*a**2 + 27*a + 90. Let g be n(30). Let t = g + 961. What is the remainder when 89 is divided by t?
28
Suppose n - 4*n = -12. Suppose -n*q = -336 - 628. Let y = -170 + q. What is the remainder when y is divided by 37?
34
Let i(j) = 6*j**3 + 2*j**2 + 3*j + 2. Calculate the remainder when i(4) is divided by (-27)/(-36) - (123/(-12) - 7).
16
Suppose 182*o - 183*o - 5*n = -97, -2*n - 257 = -3*o. What is the remainder when 1474 is divided by o?
82
Suppose -4*l = -5*o - 466, -l + o + 219 = 104. What is the remainder when 1188 is divided by l?
98
Suppose 17*p = 62*p - 135. Suppose -2*z + x + 38 = 5*x, 3*x - 60 = -5*z. What is the remainder when z is divided by p?
0
Let c be -1 - -2 - (-13 + -10). Let h be (217/4)/(6/c). Let x = -129 + h. Calculate the remainder when x is divided by 45.
43
Let n = 291 + -278. Suppose 0*a + 2*a = 2*h - 452, -h = 2*a - 241. What is the remainder when h is divided by n?
10
Let y be 3/4 + (-1)/(-4). Let n(q) = y + q**2 + 2*q - 6 + 0 + 9*q**2 + q**3. What is the remainder when n(-4) is divided by 14?
13
Suppose -29 = -2*h + g - 5, -5*g - 70 = -5*h. Suppose -38 + h = -4*n. Let f = -613 + 617. What is the remainder when n is divided by f?
3
Let f = -66 + 123. Let m = 110 - f. Calculate the remainder when m is divided by 15.
8
Let c = 260 + -170. Suppose 3*j - c = -3*t, -5*t - 21*j + 17*j + 145 = 0. What is the remainder when 623 is divided by t?
23
Suppose 5*o - 100 = -80. Suppose 25 = o*s - 127. Suppose 4*z - 2*z = s. Calculate the remainder when z is divide